{"id":3056,"date":"2024-08-01T14:57:50","date_gmt":"2024-08-01T12:57:50","guid":{"rendered":"https:\/\/scuolalibertao.org\/?page_id=3056"},"modified":"2025-08-25T16:30:31","modified_gmt":"2025-08-25T14:30:31","slug":"articoli","status":"publish","type":"page","link":"https:\/\/scuolalibertao.org\/?page_id=3056","title":{"rendered":"ARTICOLI"},"content":{"rendered":"\t\t<div data-elementor-type=\"wp-page\" data-elementor-id=\"3056\" class=\"elementor elementor-3056\">\n\t\t\t\t<div class=\"elementor-element elementor-element-71237906 elementor-hidden-mobile e-flex e-con-boxed e-con e-parent\" data-id=\"71237906\" data-element_type=\"container\" data-e-type=\"container\">\n\t\t\t\t\t<div class=\"e-con-inner\">\n\t\t\t\t<div class=\"elementor-element elementor-element-722f1c4d elementor-widget elementor-widget-heading\" data-id=\"722f1c4d\" data-element_type=\"widget\" data-e-type=\"widget\" data-widget_type=\"heading.default\">\n\t\t\t\t<div class=\"elementor-widget-container\">\n\t\t\t\t\t<h2 class=\"elementor-heading-title elementor-size-default\">ARTICOLI<\/h2>\t\t\t\t<\/div>\n\t\t\t\t<\/div>\n\t\t\t\t\t<\/div>\n\t\t\t\t<\/div>\n\t\t<div class=\"elementor-element elementor-element-87a3d32 e-flex e-con-boxed e-con e-parent\" data-id=\"87a3d32\" data-element_type=\"container\" data-e-type=\"container\">\n\t\t\t\t\t<div class=\"e-con-inner\">\n\t\t<div class=\"elementor-element elementor-element-f000fd9 e-con-full e-flex e-con e-child\" data-id=\"f000fd9\" data-element_type=\"container\" data-e-type=\"container\">\n\t\t\t\t<div class=\"elementor-element elementor-element-cba6b7b elementor-widget elementor-widget-wp-widget-categories\" data-id=\"cba6b7b\" data-element_type=\"widget\" data-e-type=\"widget\" data-widget_type=\"wp-widget-categories.default\">\n\t\t\t\t<div class=\"elementor-widget-container\">\n\t\t\t\t\t<h5>Categorie<\/h5><nav aria-label=\"Categorie\">\n\t\t\t<ul>\n\t\t\t\t\t<li class=\"cat-item cat-item-772036181\"><a href=\"https:\/\/scuolalibertao.org\/?cat=772036181\">ARTI MARZIALI<\/a>\n<\/li>\n\t<li class=\"cat-item cat-item-772036182\"><a href=\"https:\/\/scuolalibertao.org\/?cat=772036182\">CULTURA E SOCIETA&#039;<\/a>\n<\/li>\n\t<li class=\"cat-item cat-item-772036187\"><a href=\"https:\/\/scuolalibertao.org\/?cat=772036187\">SALUTE<\/a>\n<\/li>\n\t<li class=\"cat-item cat-item-772036183\"><a href=\"https:\/\/scuolalibertao.org\/?cat=772036183\">SPIRITUALIT\u00c0&#039;<\/a>\n<\/li>\n\t<li class=\"cat-item cat-item-772036186\"><a href=\"https:\/\/scuolalibertao.org\/?cat=772036186\">YOGA<\/a>\n<\/li>\n\t\t\t<\/ul>\n\n\t\t\t<\/nav>\t\t\t\t<\/div>\n\t\t\t\t<\/div>\n\t\t\t\t<\/div>\n\t\t<div class=\"elementor-element elementor-element-4f6f747 e-con-full e-flex e-con e-child\" data-id=\"4f6f747\" data-element_type=\"container\" data-e-type=\"container\">\n\t\t\t\t<div class=\"elementor-element elementor-element-c97e9fc elementor-widget elementor-widget-wp-widget-archives\" data-id=\"c97e9fc\" data-element_type=\"widget\" data-e-type=\"widget\" data-widget_type=\"wp-widget-archives.default\">\n\t\t\t\t<div class=\"elementor-widget-container\">\n\t\t\t\t\t<h5>Archivi<\/h5>\t\t<label class=\"screen-reader-text\" for=\"archives-dropdown-REPLACE_TO_ID\">Archivi<\/label>\n\t\t<select id=\"archives-dropdown-REPLACE_TO_ID\" name=\"archive-dropdown\">\n\t\t\t\n\t\t\t<option value=\"\">Seleziona il mese<\/option>\n\t\t\t\t<option value='https:\/\/scuolalibertao.org\/?m=202604'> Aprile 2026 <\/option>\n\t<option value='https:\/\/scuolalibertao.org\/?m=202603'> Marzo 2026 <\/option>\n\t<option value='https:\/\/scuolalibertao.org\/?m=202602'> Febbraio 2026 <\/option>\n\t<option value='https:\/\/scuolalibertao.org\/?m=202601'> Gennaio 2026 <\/option>\n\t<option value='https:\/\/scuolalibertao.org\/?m=202512'> Dicembre 2025 <\/option>\n\t<option value='https:\/\/scuolalibertao.org\/?m=202511'> Novembre 2025 <\/option>\n\t<option value='https:\/\/scuolalibertao.org\/?m=202510'> Ottobre 2025 <\/option>\n\t<option value='https:\/\/scuolalibertao.org\/?m=202509'> Settembre 2025 <\/option>\n\t<option value='https:\/\/scuolalibertao.org\/?m=202508'> Agosto 2025 <\/option>\n\t<option value='https:\/\/scuolalibertao.org\/?m=202507'> Luglio 2025 <\/option>\n\t<option value='https:\/\/scuolalibertao.org\/?m=202506'> Giugno 2025 <\/option>\n\t<option value='https:\/\/scuolalibertao.org\/?m=202504'> Aprile 2025 <\/option>\n\t<option value='https:\/\/scuolalibertao.org\/?m=202503'> Marzo 2025 <\/option>\n\t<option value='https:\/\/scuolalibertao.org\/?m=202502'> Febbraio 2025 <\/option>\n\t<option value='https:\/\/scuolalibertao.org\/?m=202501'> Gennaio 2025 <\/option>\n\t<option value='https:\/\/scuolalibertao.org\/?m=202412'> Dicembre 2024 <\/option>\n\t<option value='https:\/\/scuolalibertao.org\/?m=202411'> Novembre 2024 <\/option>\n\t<option value='https:\/\/scuolalibertao.org\/?m=202410'> Ottobre 2024 <\/option>\n\t<option value='https:\/\/scuolalibertao.org\/?m=202409'> Settembre 2024 <\/option>\n\t<option value='https:\/\/scuolalibertao.org\/?m=202408'> Agosto 2024 <\/option>\n\t<option value='https:\/\/scuolalibertao.org\/?m=202406'> Giugno 2024 <\/option>\n\t<option value='https:\/\/scuolalibertao.org\/?m=202405'> Maggio 2024 <\/option>\n\t<option value='https:\/\/scuolalibertao.org\/?m=202404'> Aprile 2024 <\/option>\n\t<option value='https:\/\/scuolalibertao.org\/?m=202403'> Marzo 2024 <\/option>\n\t<option value='https:\/\/scuolalibertao.org\/?m=202402'> Febbraio 2024 <\/option>\n\t<option value='https:\/\/scuolalibertao.org\/?m=202401'> Gennaio 2024 <\/option>\n\t<option value='https:\/\/scuolalibertao.org\/?m=202311'> Novembre 2023 <\/option>\n\t<option value='https:\/\/scuolalibertao.org\/?m=202310'> Ottobre 2023 <\/option>\n\t<option value='https:\/\/scuolalibertao.org\/?m=202309'> Settembre 2023 <\/option>\n\t<option value='https:\/\/scuolalibertao.org\/?m=202308'> Agosto 2023 <\/option>\n\t<option value='https:\/\/scuolalibertao.org\/?m=202306'> Giugno 2023 <\/option>\n\t<option value='https:\/\/scuolalibertao.org\/?m=202305'> Maggio 2023 <\/option>\n\t<option value='https:\/\/scuolalibertao.org\/?m=202304'> Aprile 2023 <\/option>\n\t<option value='https:\/\/scuolalibertao.org\/?m=202303'> Marzo 2023 <\/option>\n\t<option value='https:\/\/scuolalibertao.org\/?m=202302'> Febbraio 2023 <\/option>\n\t<option value='https:\/\/scuolalibertao.org\/?m=202301'> Gennaio 2023 <\/option>\n\t<option value='https:\/\/scuolalibertao.org\/?m=202212'> Dicembre 2022 <\/option>\n\t<option value='https:\/\/scuolalibertao.org\/?m=202211'> Novembre 2022 <\/option>\n\t<option value='https:\/\/scuolalibertao.org\/?m=202210'> Ottobre 2022 <\/option>\n\t<option value='https:\/\/scuolalibertao.org\/?m=202209'> Settembre 2022 <\/option>\n\t<option value='https:\/\/scuolalibertao.org\/?m=202208'> Agosto 2022 <\/option>\n\t<option value='https:\/\/scuolalibertao.org\/?m=202206'> Giugno 2022 <\/option>\n\t<option value='https:\/\/scuolalibertao.org\/?m=202201'> Gennaio 2022 <\/option>\n\t<option value='https:\/\/scuolalibertao.org\/?m=202112'> Dicembre 2021 <\/option>\n\t<option value='https:\/\/scuolalibertao.org\/?m=202111'> Novembre 2021 <\/option>\n\t<option value='https:\/\/scuolalibertao.org\/?m=202110'> Ottobre 2021 <\/option>\n\t<option value='https:\/\/scuolalibertao.org\/?m=202108'> Agosto 2021 <\/option>\n\t<option value='https:\/\/scuolalibertao.org\/?m=202107'> Luglio 2021 <\/option>\n\t<option value='https:\/\/scuolalibertao.org\/?m=202104'> Aprile 2021 <\/option>\n\t<option value='https:\/\/scuolalibertao.org\/?m=202103'> Marzo 2021 <\/option>\n\t<option value='https:\/\/scuolalibertao.org\/?m=202102'> Febbraio 2021 <\/option>\n\t<option value='https:\/\/scuolalibertao.org\/?m=202101'> Gennaio 2021 <\/option>\n\t<option value='https:\/\/scuolalibertao.org\/?m=202012'> Dicembre 2020 <\/option>\n\t<option value='https:\/\/scuolalibertao.org\/?m=202011'> Novembre 2020 <\/option>\n\t<option value='https:\/\/scuolalibertao.org\/?m=202010'> Ottobre 2020 <\/option>\n\t<option value='https:\/\/scuolalibertao.org\/?m=202009'> Settembre 2020 <\/option>\n\t<option value='https:\/\/scuolalibertao.org\/?m=202008'> Agosto 2020 <\/option>\n\t<option value='https:\/\/scuolalibertao.org\/?m=202007'> Luglio 2020 <\/option>\n\t<option value='https:\/\/scuolalibertao.org\/?m=202006'> Giugno 2020 <\/option>\n\t<option value='https:\/\/scuolalibertao.org\/?m=202005'> Maggio 2020 <\/option>\n\t<option value='https:\/\/scuolalibertao.org\/?m=202004'> Aprile 2020 <\/option>\n\t<option value='https:\/\/scuolalibertao.org\/?m=202003'> Marzo 2020 <\/option>\n\t<option value='https:\/\/scuolalibertao.org\/?m=202001'> Gennaio 2020 <\/option>\n\t<option value='https:\/\/scuolalibertao.org\/?m=201902'> Febbraio 2019 <\/option>\n\n\t\t<\/select>\n\n\t\t\t<script>\n( ( dropdownId ) => {\n\tconst dropdown = document.getElementById( dropdownId );\n\tfunction onSelectChange() {\n\t\tsetTimeout( () => {\n\t\t\tif ( 'escape' === dropdown.dataset.lastkey ) {\n\t\t\t\treturn;\n\t\t\t}\n\t\t\tif ( dropdown.value ) {\n\t\t\t\tdocument.location.href = dropdown.value;\n\t\t\t}\n\t\t}, 250 );\n\t}\n\tfunction onKeyUp( event ) {\n\t\tif ( 'Escape' === event.key ) {\n\t\t\tdropdown.dataset.lastkey = 'escape';\n\t\t} else {\n\t\t\tdelete dropdown.dataset.lastkey;\n\t\t}\n\t}\n\tfunction onClick() {\n\t\tdelete dropdown.dataset.lastkey;\n\t}\n\tdropdown.addEventListener( 'keyup', onKeyUp );\n\tdropdown.addEventListener( 'click', onClick );\n\tdropdown.addEventListener( 'change', onSelectChange );\n})( \"archives-dropdown-REPLACE_TO_ID\" );\n\n\/\/# sourceURL=WP_Widget_Archives%3A%3Awidget\n<\/script>\n\t\t\t\t<\/div>\n\t\t\t\t<\/div>\n\t\t\t\t<\/div>\n\t\t\t\t\t<\/div>\n\t\t\t\t<\/div>\n\t\t<div class=\"elementor-element elementor-element-67dde809 e-flex e-con-boxed e-con e-parent\" data-id=\"67dde809\" data-element_type=\"container\" data-e-type=\"container\" data-settings=\"{&quot;background_background&quot;:&quot;classic&quot;}\">\n\t\t\t\t\t<div class=\"e-con-inner\">\n\t\t\t\t<div class=\"elementor-element elementor-element-521d0044 elementor-widget elementor-widget-heading\" data-id=\"521d0044\" data-element_type=\"widget\" data-e-type=\"widget\" data-widget_type=\"heading.default\">\n\t\t\t\t<div class=\"elementor-widget-container\">\n\t\t\t\t\t<h3 class=\"elementor-heading-title elementor-size-default\">Evolvi il tuo corpo, la tua mente e il tuo spirito<\/h3>\t\t\t\t<\/div>\n\t\t\t\t<\/div>\n\t\t\t\t<div class=\"elementor-element elementor-element-3d54537a elementor-widget elementor-widget-text-editor\" data-id=\"3d54537a\" data-element_type=\"widget\" data-e-type=\"widget\" data-widget_type=\"text-editor.default\">\n\t\t\t\t<div class=\"elementor-widget-container\">\n\t\t\t\t\t\t\t\t\t<p>insieme a Scuola Libertao<\/p>\t\t\t\t\t\t\t\t<\/div>\n\t\t\t\t<\/div>\n\t\t\t\t<div class=\"elementor-element elementor-element-6936ef2c elementor-mobile-align-center elementor-align-center elementor-invisible elementor-widget elementor-widget-button\" data-id=\"6936ef2c\" data-element_type=\"widget\" data-e-type=\"widget\" data-settings=\"{&quot;_animation&quot;:&quot;fadeInUp&quot;}\" data-widget_type=\"button.default\">\n\t\t\t\t<div class=\"elementor-widget-container\">\n\t\t\t\t\t\t\t\t\t<div class=\"elementor-button-wrapper\">\n\t\t\t\t\t<a class=\"elementor-button elementor-button-link elementor-size-sm\" href=\"https:\/\/scuolalibertao.org\/?page_id=3059\">\n\t\t\t\t\t\t<span class=\"elementor-button-content-wrapper\">\n\t\t\t\t\t\t\t\t\t<span class=\"elementor-button-text\">CONTATTI<\/span>\n\t\t\t\t\t<\/span>\n\t\t\t\t\t<\/a>\n\t\t\t\t<\/div>\n\t\t\t\t\t\t\t\t<\/div>\n\t\t\t\t<\/div>\n\t\t\t\t\t<\/div>\n\t\t\t\t<\/div>\n\t\t<div class=\"elementor-element elementor-element-4803188 e-flex e-con-boxed e-con e-parent\" data-id=\"4803188\" data-element_type=\"container\" data-e-type=\"container\">\n\t\t\t\t\t<div class=\"e-con-inner\">\n\t\t\t\t\t<\/div>\n\t\t\t\t<\/div>\n\t\t\t\t<\/div>\n\t\t","protected":false},"excerpt":{"rendered":"<p>ARTICOLI Evolvi il tuo corpo, la tua mente e il tuo spirito insieme a Scuola Libertao CONTATTI<\/p>\n","protected":false},"author":111724265,"featured_media":0,"parent":0,"menu_order":0,"comment_status":"closed","ping_status":"closed","template":"","meta":{"_crdt_document":"","advanced_seo_description":"Evolvi con Scuola Libertao.\nScopri le nostre discipline: arti marziali, cultura e societ\u00e0, salute, spiritualit\u00e0 e yoga. ","jetpack_seo_html_title":"Articoli Scuola Libertao: arti marziali, cultura e societ\u00e0, salute, spiritualit\u00e0 e yoga. ","jetpack_seo_noindex":false,"footnotes":""},"class_list":["post-3056","page","type-page","status-publish","hentry"],"jetpack_shortlink":"https:\/\/wp.me\/P80EvJ-Ni","jetpack_sharing_enabled":false,"_links":{"self":[{"href":"https:\/\/scuolalibertao.org\/index.php?rest_route=\/wp\/v2\/pages\/3056","targetHints":{"allow":["GET"]}}],"collection":[{"href":"https:\/\/scuolalibertao.org\/index.php?rest_route=\/wp\/v2\/pages"}],"about":[{"href":"https:\/\/scuolalibertao.org\/index.php?rest_route=\/wp\/v2\/types\/page"}],"author":[{"embeddable":true,"href":"https:\/\/scuolalibertao.org\/index.php?rest_route=\/wp\/v2\/users\/111724265"}],"replies":[{"embeddable":true,"href":"https:\/\/scuolalibertao.org\/index.php?rest_route=%2Fwp%2Fv2%2Fcomments&post=3056"}],"version-history":[{"count":28,"href":"https:\/\/scuolalibertao.org\/index.php?rest_route=\/wp\/v2\/pages\/3056\/revisions"}],"predecessor-version":[{"id":5243,"href":"https:\/\/scuolalibertao.org\/index.php?rest_route=\/wp\/v2\/pages\/3056\/revisions\/5243"}],"wp:attachment":[{"href":"https:\/\/scuolalibertao.org\/index.php?rest_route=%2Fwp%2Fv2%2Fmedia&parent=3056"}],"curies":[{"name":"wp","href":"https:\/\/api.w.org\/{rel}","templated":true}]}}